of 38 and t.
19
Let g = -31278 + 31378. Calculate the greatest common factor of 1025 and g.
25
Suppose -79 = 18*c - 25. Let w(t) = -20*t + 5. Let n be w(c). Let j be 27 - ((1 - 1) + 1). What is the highest common divisor of j and n?
13
Let g(t) = t**2 - 1. Let w be g(-3). Suppose 86 = 3*q - 69*m + 65*m, -2*m = 4*q - 144. Let j = q - w. What is the greatest common divisor of 65 and j?
13
Let c(u) = -u**2 - 5*u - 4. Let j be c(-4). Let f be 1 - j - (1 + -1). Suppose 2*w - 25 = -f. Calculate the greatest common factor of 18 and w.
6
Let m be (((-6)/(-4))/((-141)/(-376)))/1. Calculate the highest common factor of m and 898.
2
Suppose -5*u + 2805*s - 2803*s + 2355 = 0, 0 = 4*u + s - 1897. Calculate the highest common divisor of u and 11.
11
Suppose -154*s + 1311 = -76*s - 77*s. What is the highest common factor of 92 and s?
23
Suppose 6*a + 1439 = -1525. Let h be a/14 - (16/(-7) + 2). Let b = 113 + h. Calculate the highest common factor of 13 and b.
13
Let b = -1640 + 10174. What is the greatest common divisor of 34 and b?
34
Let j(d) = -d**3 + 4*d**2 + 23*d. Let b be j(7). Let x = -61 - -13. Let r be 14/(-3)*x/16. What is the greatest common factor of b and r?
14
Suppose 0 = 2*w - 3*k - 16859, -4*w - 8*k + 33709 = -11*k. What is the greatest common factor of w and 25?
25
Let f = -2552 - -2684. What is the greatest common divisor of f and 4521?
33
Let z(f) = -61*f - 3279. Let b be z(-67). What is the highest common factor of 1414 and b?
202
Suppose -1 + 21 = 5*l. Let b = -236 - -370. Let a = b + -122. What is the highest common divisor of l and a?
4
Let l(s) = -45 + 10*s - 24*s - 179 - 28*s + 4*s. Let y be l(-12). Calculate the highest common divisor of y and 8.
8
Suppose 0 = x + x - 2*f - 20, 0 = -x - 3*f - 10. Let w = -213 + 348. Calculate the highest common divisor of x and w.
5
Suppose -17 = -2*k - 2*l + 85, 0 = -4*k + 5*l + 177. Let s(x) = -9*x**3 - 5*x**2 + x - 12. Let d be s(-4). Calculate the highest common divisor of k and d.
48
Suppose 10388 = 9*f - 2*f. Let p be (28/5)/((-535)/(-321)*(-3)/(-25)). Calculate the greatest common divisor of p and f.
28
Let p be (-110)/(-12) - (-3)/(-18). Let i be (-2)/(-9) + ((-341)/(-45) - (-8)/(-10)). What is the greatest common factor of p and i?
1
Suppose 51*l - 21*l - 4020 = 0. What is the highest common factor of 201 and l?
67
Let l = 80 + -30. Let p be ((-3878)/(-84) + -42)*(7 - 1). What is the highest common factor of p and l?
25
Suppose -321 = -142*c + 7063. What is the highest common factor of c and 364?
52
Let p = 33657 + -33357. Calculate the highest common factor of 2050 and p.
50
Let f be (27/12)/((-71751)/3120 - -23). What is the highest common divisor of 645 and f?
15
Let a(h) = 8*h + 10. Let f be a(-5). Let m be (8/(-10))/(6/f). Suppose -11 = p + m*u - 9*u, 31 = 3*p + u. What is the highest common divisor of 72 and p?
9
Let a = 12170 + -12056. Calculate the greatest common factor of 22686 and a.
114
Let j be (-31)/(2325/60)*(-1455)/2. Let k = -567 + j. What is the greatest common divisor of 60 and k?
15
Suppose -2*w = -3*a - 2*a + 25, 4*w + 35 = 5*a. Let o = w + 148. Let x = 189 - 176. Calculate the highest common divisor of x and o.
13
Suppose -62*k - 15876 = -20*k. Let l be 4/(-8) + (k/4)/(-9). Suppose 4*r = 2*b - 144, -5*b - 2*r = -3*b - 168. Calculate the greatest common divisor of l and b.
10
Let v(k) = 33*k - 206. Let m be v(7). Suppose -4*q + 72 - 37 = d, -5*d - 4*q = -255. Calculate the greatest common factor of d and m.
5
Suppose 0 = -48*a + 52*a - 2568. Calculate the greatest common factor of 12 and a.
6
Let z(a) = a**3 + 234*a**2 + 3079*a - 186. Let c be z(-220). Suppose -2*b + 189 = -3*f, -b + 8*f - 4*f = -82. What is the highest common factor of c and b?
34
Let c(x) = 8*x**3 + 2*x**2 - x - 3. Let j be c(2). Suppose 7*u + j - 795 = 0. What is the highest common factor of u and 156?
52
Let o = -1273 - -1284. Calculate the greatest common factor of o and 40601.
11
Suppose 396 = 4*q - t, 7*q - 4*q + 5*t = 274. Calculate the highest common factor of q and 42.
14
Let h(m) = m**2 + 20*m - 1917. Let d be h(-55). What is the highest common factor of 338 and d?
2
Suppose -14*x + 14893 = -17349. What is the highest common factor of 47 and x?
47
Let t = -288 - 114. Let b = -192 - t. Calculate the greatest common divisor of b and 42.
42
Let u = 151 + -100. Let j = -7 + -1. Let i = j + 25. Calculate the greatest common divisor of u and i.
17
Let o be 9/12 + (87/(-290))/(6/(-545)). Calculate the greatest common divisor of o and 30380.
28
Let p = -4 - -6. Let u be ((-3)/(-2))/((-7)/(-378)). Suppose -u = -p*m + 109. What is the highest common divisor of m and 19?
19
Suppose 33*m - 16*m = 21*m - 37184. What is the greatest common divisor of m and 112?
112
Suppose 0 = t - 4*w - 163, 538 = 4*t + w - 80. Let l = t + -128. What is the greatest common factor of l and 216?
27
Suppose -16 = -3*x - 7. Suppose -x*y + o - 38 = -4*y, -2*y - 3*o + 71 = 0. Let a = -28 + y. What is the highest common factor of 20 and a?
5
Let a = 786 - -3136. What is the greatest common divisor of 222 and a?
74
Suppose -3*r - 4*x + 658 = 0, -9*r + x + 653 = -6*r. Suppose -5*d = -9*t + 6*t + 157, 4*t - r = -2*d. What is the greatest common divisor of t and 108?
54
Suppose -3*d - 5*p + 330 = 75, -2*p + 6 = 0. Calculate the highest common factor of 355 and d.
5
Suppose 3*g = 5*k + 695, 4*g - 23 = -3. Let o be (-8)/(-40) - (-1 + k/20). Let d be (0 + (-9)/2)*-16. Calculate the highest common factor of d and o.
8
Suppose 4*p - 62 = n - 4*n, -n + 29 = 3*p. Let b = 2 - n. Let c be 8/b*90/(-4). Calculate the highest common divisor of c and 120.
15
Suppose 4*x - 3*x + 1897 = -3*f, 4*x = -4. Let s be (f/(-154) - (-16)/88)*14. What is the greatest common factor of 75 and s?
15
Suppose -367*y - 7809 = -386*y. Calculate the highest common divisor of y and 2192.
137
Let b = -3409 - -7627. Calculate the highest common divisor of b and 342.
114
Let l = -21 - -26. Suppose -5*g - m + 777 = 0, -l*g + 2*m + 0*m = -786. Suppose -21*a + 25*a - 48 = 0. Calculate the highest common factor of g and a.
12
Let t(u) = -5*u + 987. Let n be t(35). Calculate the greatest common divisor of n and 7.
7
Let v be 2*92/8 - (0 + 55/(-11)). What is the highest common divisor of v and 1841?
7
Let i be 3/21 + (1 - (-4868)/28). Suppose 3*d + 206 - 431 = 0. Calculate the greatest common divisor of d and i.
25
Suppose 2*h = 7*h - 30. Suppose -592 = -74*p + 421 - 125. What is the highest common factor of h and p?
6
Let q be ((-6)/9)/((-2)/(-9))*19. Let v = q + 56. Let g be 1/((-18)/20 - v). What is the greatest common factor of g and 15?
5
Let t(j) = j**3 + 7*j**2 + 3*j - 20. Let f be t(-6). Let l be (0/f - -2) + 58. What is the greatest common factor of 15 and l?
15
Let n = -9 - -24. Let f be 14*(-4 - 516/(-24))*6/14. Calculate the greatest common factor of f and n.
15
Let z be (-5)/8*-2*4. Suppose 20 = z*a, 5*o - 4*a = 2*o + 164. What is the greatest common factor of 24 and o?
12
Let r(d) = 9*d**2 - 10*d**2 + 6*d + 3 - 1 + 5*d. Let i be r(6). Suppose -63*y + 41 = -122 + 37. Calculate the greatest common divisor of i and y.
2
Let a = 76528 - 76474. Let f = -4 + 13. Let m be (f/2)/((-6)/(-8)). Calculate the greatest common factor of a and m.
6
Suppose 0 = 2*f + 19 - 23. Suppose f*h - 8*h = -108. What is the highest common divisor of h and 252?
18
Suppose 4*b - g - 2756 = 0, -g + 1630 = 5*b - 1806. What is the greatest common factor of b and 387?
43
Let z(s) = -4*s**3 + s + 1. Let q be z(-1). Suppose 2*w - 6 = -2*v, -4*v + 5 = 5*w - q. Let r be v/2*112/21. What is the greatest common divisor of r and 40?
8
Suppose 3*v - 4*q = -v + 500, -4*v - 5*q = -482. Let x = -117 + v. What is the highest common factor of 6 and x?
6
Let f be 3*(136/(-102) + -1 + 0). Let y(s) = s**3 + 9*s**2 - 7*s - 17. Let m be y(f). What is the greatest common divisor of m and 35?
5
Let f(c) = 45*c + 1977. Let u be f(-9). What is the highest common divisor of 24 and u?
12
Let w = 3840 + -3777. What is the greatest common factor of w and 483?
21
Let k(h) = -10*h**3 + h**2 - 6*h - 11. Let x be k(-2). Let s = x + -17. Suppose 4*u + u = -25, 0 = 3*c - u - s. Calculate the highest common divisor of 3 and c.
3
Suppose -29952 = -566*v + 278*v. What is the highest common divisor of 1464 and v?
8
Let m(k) 